Suppose 3*i - 2*w - 5 = 4, -2*i + 6 = o*w. Suppose i*h - 8*h + 25 = 0. What is the units digit of h?
5
Suppose -2*y + 3*y - 4 = 0. Suppose -c + y*c - 24 = 0. What is the units digit of c?
8
Let b be (-100)/8*4/5. What is the tens digit of (-644)/(-20) - 8/b?
3
Let l(h) be the second derivative of -h**3 + 3*h**2/2 - 5*h. What is the tens digit of l(-3)?
2
Let b = 10 - 14. Let k(v) = 2*v**2 + 2*v - 4. Let d be k(b). Let x = d - 13. What is the units digit of x?
7
Suppose v - 7 = -2*s, 0*s = -s - 2*v + 2. What is the units digit of s?
4
Let h = -161 + 258. What is the tens digit of h?
9
Let y(r) = 7*r**2 + 15*r + 9. Let z(v) = 6*v**2 + 14*v + 8. Let w(g) = 5*y(g) - 6*z(g). What is the units digit of w(-7)?
1
Suppose 0 = -5*h - 3*s + 55, 0*s - 5*s = 0. What is the tens digit of h?
1
Suppose 0 = 4*t + 8. Let y = t + 8. Suppose -2*f + 64 = -x + y*x, 2*f + 6 = 0. What is the tens digit of x?
1
Suppose -5*l - 32 = -m, 5*l + 7 = -18. Suppose -5*j + 4*b = 10, -j = -3*j + b - 4. Let g = m + j. What is the units digit of g?
5
Suppose 0 = -o + 4*f - 9, 6 = -o - 3*f + 6*f. What is the units digit of 5 + -3 - o - -6?
5
Let l = -94 - -310. What is the hundreds digit of l?
2
Let c = 11 - 11. Suppose 5*h + 0*h - 70 = c. What is the units digit of h?
4
Let q(c) = 3*c + 35. What is the units digit of q(-11)?
2
Suppose 0 = s - 2*s. Suppose 5*a + 9 - 74 = s. What is the units digit of a?
3
Suppose 4*z = -h + 130, 173 + 515 = 5*h + z. What is the tens digit of h?
3
Let g = -31 + 80. Let v be 14/g - (-10)/14. Let r(u) = 9*u**2 + 2*u - 1. What is the units digit of r(v)?
0
Let w(b) = -4*b**2 - 23*b + 18. Suppose h - 3 = -1. Let n(u) = -u**2 - 8*u + 6. Let z(y) = h*w(y) - 7*n(y). What is the units digit of z(9)?
3
Let j(p) = -4*p - 2. Let w(m) = -2*m + 3. Let x be w(3). Let b be j(x). Suppose -k + 6 = k + o, 5*k = -5*o + b. What is the units digit of k?
4
Let b(t) = -2*t**3 - 2*t + 1. Let y be b(1). Let v be y/(-6)*(-10)/(-1). Suppose -i - 3*u = 3*i - 72, 0 = v*i - u - 90. What is the units digit of i?
8
Let x(z) = -z + 4. Let r be x(4). What is the units digit of (-5)/(10/(-16)) + r?
8
Let o = 314 + -210. Suppose 0 = -f - 3*f + o. What is the units digit of f?
6
Let j(k) = k**2 - 8*k + 2. Let b(a) = -a**2 + 6*a - 4. Let x be b(4). Suppose 4*q - q - 8 = -4*l, -x*l - 24 = -q. What is the units digit of j(q)?
2
Suppose -3*t - 2*f - 4 = -55, t - 16 = -f. What is the units digit of t?
9
Suppose 0 = 6*t - 5*t - 20. Suppose 3*u - t = -2. Suppose u*h - 4*h - 6 = 0. What is the units digit of h?
3
Let r be 10/(-55) - (-70)/22. Suppose -2*n - 42 = -t, r*n - 91 + 21 = -2*t. What is the units digit of t?
8
Let j = 59 + 12. What is the tens digit of j?
7
Let t be 2*-1 - (-163 - -1). Let h be (-2)/(-5) - t/25. What is the units digit of 92/9 + h/27?
0
Suppose -3*n = -16 - 56. What is the tens digit of n?
2
Suppose -2221 = -5*k - 141. What is the tens digit of k?
1
Let q = 1 - 1. Suppose -3*c - b = -7, 3*c - 4*b + 1 - 18 = q. What is the units digit of c?
3
Let x be 1/(4 + (-237)/60). Suppose 28 = d - w, -x = -2*d - 5*w + 29. What is the tens digit of d?
2
Suppose 2*a + 3*b = -163, -2*a - 264 = 2*b - 98. What is the units digit of 1/2*(6 - a)?
6
Let u(q) be the first derivative of q**4 + 2*q**3/3 - q**2/2 + 2. What is the units digit of u(1)?
5
Let w = -3 + 7. Suppose -40 = -w*v - v. What is the units digit of v?
8
Suppose 43 = -4*l - 69. Let g be ((-12)/(-8))/((-3)/l). Suppose 2*u + g = 4*u. What is the units digit of u?
7
Suppose 2*t - 7*t = 3*f - 4, 0 = -2*f - 4*t. Let x(g) = -6*g - g**2 + 3*g**2 - 11 + g**2 - 2*g**2. What is the units digit of x(f)?
5
Let n = 12 + -10. What is the units digit of (-463)/(-15) + n/15?
1
Let z = -17 - -59. What is the units digit of z?
2
Let s(q) = 18*q - 1. Let i be (-1)/((-3)/(36/2)). Let m = 7 - i. What is the tens digit of s(m)?
1
Suppose 3 = 2*z + j, -2*z = 2*j - 0*j. Let b = 19 + z. What is the tens digit of b?
2
Let b(q) = -4*q - 6. Let n be 4/12 - (-19)/(-3). What is the tens digit of b(n)?
1
Suppose -h - f = -6*f + 3, 24 = 4*h - 2*f. Suppose 3*d = 2*d + h. What is the units digit of d?
7
Suppose -g + 100 = -35. What is the units digit of g?
5
Let v = 18 - 10. Suppose -5*t - 2*c + 46 = 0, 3*c - 60 = -5*t + v*c. What is the units digit of t?
0
Let m = 2 + 1. Suppose 2*q - 7 = -m. What is the units digit of q/(-6)*(-4 + -11)?
5
Let x be ((-22)/4 - -3)*-2. Suppose 0 = -2*g + g + x. What is the units digit of g?
5
Let p(w) = w**2 + 2*w + 4. Let u(b) = -2*b**2 - b - 2. Let m be u(-2). Let d = m - -5. What is the units digit of p(d)?
7
Suppose -t = -3*t - 8. Let j(u) = -5*u - 2. Let h be j(-2). Let r = t + h. What is the units digit of r?
4
Let o be -1*3/2*-10. Let d be -1 + o + (-1 - -1). What is the units digit of 36/28 + (-4)/d?
1
Let r = 12 + -12. Suppose r = -5*w - 5*a + 90, a = -3*w - 38 + 100. What is the tens digit of w?
2
Let t(f) = 3*f + 0 + 5 + f**3 - 6*f**2 + 3*f - f. What is the units digit of t(5)?
5
Suppose -2*c = -2*b - 12, -3*b + 5*c = c + 19. What is the units digit of ((-15)/6)/b*6?
3
Let y be 16*(-1)/(-2)*-1. Let u be (-4)/10 - y/20. Suppose -b + 2*k + 6 = u, -4*b = -6*k + 3*k - 24. What is the units digit of b?
6
Let c = 30 + -114. Let v = -39 - c. What is the tens digit of v?
4
Let f(c) = 17*c**3 + c**2. What is the units digit of f(1)?
8
Let o(i) = 3*i**2 + 4*i - 5. Let j(x) = -2*x**2 - 4*x + 5. Let n(p) = 4*j(p) + 3*o(p). Suppose -5*h = -3*h - 8. What is the units digit of n(h)?
5
Let c be (36/(-1) + 2)*-1. Let z = -7 + 26. Let k = c - z. What is the units digit of k?
5
Let y(c) be the first derivative of 6*c + 3*c**3 - 1/4*c**4 - 2 + 0*c**2. What is the units digit of y(9)?
6
What is the tens digit of 49*(1 - -1) + 0 + 0?
9
Suppose -21 = 5*b - 1. Let p be (-2)/3*(-19 - b). Suppose 5*k + 0*k - 41 = -2*r, 2*k = p. What is the units digit of r?
8
Let v be 5/1 + -2*1. Suppose 4*b + 0*b - 11 = -v*r, 0 = 5*b + 2*r - 12. What is the units digit of (-1 - 2)*(b + -3)?
3
Let g(m) = 2*m**3 + m**2 - 1. Let x be g(1). Let w(d) = d - 1. Let r(v) = -10*v + 7. Let b(j) = -r(j) - 5*w(j). What is the units digit of b(x)?
8
Let a be (-5)/1 + 6/3. Let u = 6 + a. Suppose 0*p = u*p - 24. What is the units digit of p?
8
Suppose 2 = 2*v - 4. Suppose -v*t + 60 = t. What is the units digit of t?
5
Let n(v) = -v**2 + v + 30. Let f be n(0). What is the units digit of -3 + f + -1 + -1?
5
Let w = -10 - -15. Suppose w - 13 = -j. What is the units digit of j?
8
Let y = 392 - 78. What is the units digit of y?
4
Let q = -7 + 2. Let p = q + 4. Let r(y) = -14*y - 1. What is the units digit of r(p)?
3
Let h be 78/4 + 12/(-8). Suppose 3*c = -0*c + h. What is the units digit of c + (-4 - 2*-1)?
4
What is the units digit of ((-1)/((-5)/(-8)))/((-3)/60)?
2
Let x be 12*(-3 + 11/3). What is the units digit of x/(-20) - (-14)/10?
1
Let r(n) = 4*n - 2. Let u(c) = c**2 + 8*c + 3. Let l be u(-8). What is the tens digit of r(l)?
1
Suppose 7 - 22 = -3*i. Suppose 2*x = 3*b - i, x + b - 5*b = 10. What is the units digit of x/25 + 134/10?
3
Let r be 0*((-9)/6 + 1). Let w be r + (0 + 1)*4. What is the units digit of (42/24)/(1/w)?
7
Suppose -2*t + t = -70. What is the tens digit of t?
7
Let k be 2*-5*(-1)/2. Suppose -k*r + 44 = -3*x, 2 = 3*r + 2*x - 32. What is the units digit of (r/30)/((-2)/(-24))?
4
Suppose -4*c = 3 + 1. What is the units digit of (-1 - c) + (-8)/(-1)?
8
Let m(z) = -z**3 + 5*z**2 - z - 3. Let j be m(3). Suppose 8*c = 3*c + 10. Suppose -c*o - j = -4*o. What is the units digit of o?
6
Suppose 2*w - 1 = 11. Suppose 0 = -w*b + 10*b - 72. What is the tens digit of b?
1
Let q(z) = z**3 + 13*z**2 + 4*z - 7. Let p be q(-12). Suppose -2*n = -5*u - p, -5*n + 231 = -5*u + u. What is the tens digit of n?
4
Suppose -5*h = -0*h + 60. Let g = 17 + h. What is the units digit of g?
5
Let y = -463 + 829. What is the units digit of y/15 - (-3)/5?
5
What is the tens digit of 1287/12 - (-3)/(-12)?
0
Suppose -5*d + 4 + 6 = 0. Suppose w = -d*w + 45. Suppose 0*n - 5*n = -w. What is the units digit of n?
3
Let m(g) = -7*g**2 + 5*g + 25. Let i(j) = 3*j**2 - 2*j - 13. Let s(c) = -5*i(c) - 2*m(c). What is the tens digit of s(0)?
1
Let t = -207 - -440. What is the hundreds digit of t?
2
Suppose -6*y - 159 = -573. What is the tens digit of y?
6
Let h(i) = -i**2 - 8*i - 6. Let v 